he highest common factor of 10548 and 24?
12
Calculate the highest common divisor of 279 and 99.
9
What is the greatest common factor of 12 and 54?
6
What is the greatest common factor of 29 and 2175?
29
What is the highest common divisor of 51 and 1360?
17
What is the greatest common factor of 190 and 170?
10
Calculate the highest common divisor of 621 and 27.
27
Calculate the highest common divisor of 800 and 32.
32
What is the highest common divisor of 9 and 39?
3
Calculate the greatest common divisor of 22 and 550.
22
What is the highest common divisor of 14 and 20594?
14
Calculate the greatest common factor of 1080 and 6210.
270
What is the highest common divisor of 36 and 396?
36
Calculate the highest common divisor of 390 and 156.
78
What is the highest common divisor of 42 and 58912?
14
What is the highest common divisor of 39 and 52?
13
Calculate the highest common divisor of 1131 and 957.
87
What is the highest common factor of 10 and 102730?
10
Calculate the highest common divisor of 848 and 53.
53
Calculate the highest common divisor of 28 and 32.
4
What is the highest common divisor of 21 and 525?
21
Calculate the greatest common factor of 174 and 66.
6
Calculate the highest common factor of 2951 and 13.
13
Calculate the highest common divisor of 364 and 88634.
182
Calculate the highest common divisor of 320 and 460.
20
Calculate the greatest common factor of 12 and 316.
4
What is the greatest common divisor of 1560 and 234?
78
Calculate the greatest common divisor of 13 and 871.
13
Calculate the greatest common divisor of 14295 and 45.
15
What is the highest common divisor of 93 and 155?
31
What is the greatest common divisor of 3496 and 380?
76
What is the highest common divisor of 154 and 539?
77
Calculate the highest common factor of 3728 and 32.
16
What is the highest common divisor of 210 and 56?
14
Calculate the highest common divisor of 18 and 15858.
18
Calculate the highest common divisor of 88 and 632.
8
Calculate the greatest common divisor of 8 and 296.
8
Calculate the highest common divisor of 544 and 51.
17
What is the highest common divisor of 30 and 1570?
10
Calculate the greatest common divisor of 299 and 2.
1
Calculate the greatest common factor of 27 and 15129.
9
Calculate the greatest common divisor of 174 and 30.
6
Calculate the greatest common factor of 290 and 8845.
145
What is the greatest common divisor of 1589 and 14?
7
What is the highest common factor of 242 and 418?
22
Calculate the highest common factor of 88 and 66.
22
Calculate the highest common divisor of 270 and 60.
30
What is the greatest common divisor of 130 and 832?
26
What is the highest common divisor of 62 and 992?
62
Calculate the highest common factor of 3075 and 1175.
25
What is the highest common factor of 325 and 117?
13
Calculate the greatest common divisor of 34 and 51.
17
What is the highest common divisor of 450 and 100?
50
Calculate the highest common factor of 13462 and 762.
254
What is the highest common divisor of 324 and 948?
12
Calculate the highest common factor of 244 and 68.
4
Calculate the highest common factor of 22554 and 14.
14
What is the greatest common divisor of 204 and 51?
51
What is the highest common divisor of 380 and 13034?
38
What is the highest common factor of 44 and 6490?
22
What is the greatest common divisor of 9 and 801?
9
What is the highest common divisor of 410 and 70?
10
What is the highest common factor of 3794 and 42?
14
Calculate the highest common factor of 594 and 2167.
11
What is the greatest common divisor of 6 and 78?
6
What is the greatest common divisor of 66 and 44?
22
Calculate the highest common divisor of 54 and 1998.
54
Calculate the greatest common divisor of 160 and 96.
32
What is the highest common divisor of 63 and 7?
7
Calculate the greatest common factor of 27 and 9.
9
What is the highest common factor of 2641 and 38?
19
Calculate the highest common divisor of 639 and 568.
71
Calculate the highest common factor of 423 and 329.
47
What is the highest common divisor of 33 and 2211?
33
What is the highest common divisor of 320 and 40?
40
Calculate the greatest common factor of 8 and 1096.
8
Calculate the highest common factor of 826 and 42.
14
What is the highest common factor of 38 and 3078?
38
What is the greatest common divisor of 1375 and 55?
55
What is the greatest common divisor of 41 and 164?
41
Calculate the greatest common divisor of 297 and 11.
11
What is the greatest common factor of 1711 and 29?
29
Calculate the greatest common divisor of 26 and 1352.
26
What is the highest common divisor of 39 and 26?
13
Calculate the highest common divisor of 18 and 72.
18
What is the highest common divisor of 5 and 25?
5
Calculate the highest common factor of 80 and 2480.
80
Calculate the greatest common divisor of 120 and 24.
24
Calculate the highest common factor of 95 and 152.
19
Calculate the highest common divisor of 440 and 1880.
40
What is the highest common divisor of 360 and 144?
72
Calculate the greatest common factor of 150 and 45.
15
Calculate the highest common factor of 3484 and 52.
52
What is the greatest common divisor of 18512 and 78?
26
What is the highest common divisor of 6623 and 74?
37
What is the greatest common divisor of 1 and 2?
1
What is the greatest common divisor of 196 and 28?
28
What is the greatest common factor of 190 and 3705?
95
What is the greatest common factor of 2241 and 83?
83
What is the highest common factor of 70 and 154?
14
What is the highest common divisor of 5429 and 267?
89
What is the greatest common factor of 183 and 3?
3
What is the greatest common factor of 1 and 29?
1
What is the highest common factor of 1562 and 1420?
142
What is the highest common factor of 3 and 1689?
3
What is the highest common factor of 174 and 30?
6
What is the greatest common factor of 36 and 4932?
36
What is the highest common factor of 3 and 384?
3
Calculate the greatest common factor of 180 and 135.
45
Calculate the highest common factor of 1756 and 8.
4
What is the highest common divisor of 42 and 6?
6
What is the highest common divisor of 645 and 45?
15
Calculate the highest common divisor of 1053 and 6.
3
What is the highest common divisor of 77677 and 173?
173
Calculate the highest common divisor of 70 and 245.
35
What is the greatest common divisor of 16 and 184?
8
What is the highest common factor of 10 and 25?
5
Calculate the greatest common divisor of 217 and 28427.
217
Calculate the greatest common divisor of 4806 and 54.
54
What is the greatest common divisor of 11627 and 154?
77
Calculate the greatest common factor of 39 and 15.
3
Calculate the highest common divisor of 24717 and 231.
231
What is the greatest common divisor of 120 and 712?
8
Calculate the highest common factor of 88 and 3448.
8
Calculate the highest common divisor of 132 and 150.
6
Calculate the greatest common factor of 270 and 330.
30
Calculate the greatest common divisor of 16 and 8936.
8
Calculate the highest common factor of 24 and 30.
6
Calculate the greatest common divisor of 166 and 2.
2
What is the highest common divisor of 177 and 3363?
177
What is the greatest common divisor of 1036 and 851?
37
Calculate the greatest common factor of 31353 and 21.
21
Calculate the greatest common divisor of 486 and 90.
18
Calculate the highest common factor of 7752 and 24.
24
Calculate the greatest common factor of 27 and 135.
27
Calculate the highest common divisor of 4 and 2598.
2
Calculate the highest common factor of 1670 and 10.
10
What is the greatest common factor of 9164 and 58?
58
What is the highest common factor of 18 and 258?
6
Calculate the highest common divisor of 1145 and 5.
5
Calculate the highest common divisor of 12 and 96.
12
What is the greatest common factor of 1600 and 32320?
320
What is the highest common divisor of 1037 and 61?
61
Calculate the greatest common factor of 682 and 186.
62
What is the highest common factor of 2700 and 432?
108
What is the greatest common divisor of 153 and 35649?
153
What is the highest common factor of 568 and 16?
8
Calculate the highest common factor of 28 and 49.
7
What is the greatest common divisor of 10 and 14?
2
What is the greatest common factor of 12 and 184?
4
Calculate the greatest common factor of 414 and 36.
1